What is the millions digit of 2152557?
2
What is the tens digit of 593161?
6
What is the thousands digit of 2499014?
9
What is the tens digit of 335569?
6
What is the ten thousands digit of 5892316?
9
What is the millions digit of 4741457?
4
What is the units digit of 9227297?
7
What is the hundred thousands digit of 143904?
1
What is the hundred thousands digit of 302397?
3
What is the units digit of 31799?
9
What is the hundreds digit of 15161573?
5
What is the hundreds digit of 153765?
7
What is the ten thousands digit of 7932649?
3
What is the ten thousands digit of 31260093?
6
What is the ten thousands digit of 364427?
6
What is the hundreds digit of 7474254?
2
What is the ten thousands digit of 18140?
1
What is the thousands digit of 11026742?
6
What is the tens digit of 694752?
5
What is the units digit of 11558210?
0
What is the thousands digit of 158081?
8
What is the tens digit of 704664?
6
What is the tens digit of 681783?
8
What is the units digit of 53350?
0
What is the tens digit of 199335?
3
What is the hundreds digit of 19161?
1
What is the tens digit of 17132432?
3
What is the hundreds digit of 3650560?
5
What is the hundred thousands digit of 309324?
3
What is the thousands digit of 17244033?
4
What is the hundred thousands digit of 623081?
6
What is the hundred thousands digit of 153799?
1
What is the thousands digit of 9881655?
1
What is the tens digit of 4109560?
6
What is the ten thousands digit of 34598627?
9
What is the thousands digit of 5548864?
8
What is the ten thousands digit of 305083?
0
What is the hundred thousands digit of 2062631?
0
What is the hundred thousands digit of 367205?
3
What is the ten thousands digit of 195030?
9
What is the tens digit of 525325?
2
What is the thousands digit of 4801166?
1
What is the hundreds digit of 461246?
2
What is the units digit of 1282518?
8
What is the units digit of 17518?
8
What is the hundreds digit of 2024389?
3
What is the ten millions digit of 12237813?
1
What is the tens digit of 1558326?
2
What is the hundreds digit of 3729694?
6
What is the thousands digit of 402286?
2
What is the hundreds digit of 4309427?
4
What is the units digit of 16524514?
4
What is the units digit of 8102626?
6
What is the units digit of 311897?
7
What is the hundreds digit of 414655?
6
What is the tens digit of 256204?
0
What is the hundred thousands digit of 218928?
2
What is the ten thousands digit of 808741?
0
What is the units digit of 776641?
1
What is the units digit of 1716654?
4
What is the hundreds digit of 2139966?
9
What is the hundred thousands digit of 7736555?
7
What is the thousands digit of 515719?
5
What is the tens digit of 3908554?
5
What is the hundreds digit of 47948?
9
What is the tens digit of 7019746?
4
What is the hundreds digit of 2991689?
6
What is the units digit of 20115730?
0
What is the thousands digit of 37546451?
6
What is the tens digit of 39129?
2
What is the thousands digit of 2856020?
6
What is the hundreds digit of 15458?
4
What is the hundred thousands digit of 956062?
9
What is the hundreds digit of 21602048?
0
What is the thousands digit of 100700?
0
What is the units digit of 6870115?
5
What is the units digit of 337459?
9
What is the hundred thousands digit of 1996682?
9
What is the ten thousands digit of 872101?
7
What is the thousands digit of 697469?
7
What is the units digit of 970932?
2
What is the hundreds digit of 442994?
9
What is the thousands digit of 3197192?
7
What is the units digit of 181811?
1
What is the units digit of 368899?
9
What is the hundred thousands digit of 246501?
2
What is the tens digit of 3019310?
1
What is the ten thousands digit of 9581923?
8
What is the tens digit of 824553?
5
What is the hundred thousands digit of 225782?
2
What is the hundreds digit of 271970?
9
What is the thousands digit of 218938?
8
What is the hundred thousands digit of 229856?
2
What is the thousands digit of 747734?
7
What is the thousands digit of 1252376?
2
What is the ten thousands digit of 1737766?
3
What is the ten thousands digit of 16591?
1
What is the hundreds digit of 253889?
8
What is the millions digit of 1949767?
1
What is the millions digit of 7385234?
7
What is the thousands digit of 198594?
8
What is the thousands digit of 4351862?
1
What is the units digit of 550942?
2
What is the hundreds digit of 173021?
0
What is the hundreds digit of 23172?
1
What is the thousands digit of 15952273?
2
What is the tens digit of 1747184?
8
What is the thousands digit of 4773475?
3
What is the hundreds digit of 8400690?
6
What is the hundred thousands digit of 25204364?
2
What is the tens digit of 21706730?
3
What is the thousands digit of 4862415?
2
What is the thousands digit of 1099004?
9
What is the ten thousands digit of 2327656?
2
What is the thousands digit of 58622?
8
What is the hundred thousands digit of 19475458?
4
What is the ten thousands digit of 260198?
6
What is the hundred thousands digit of 363009?
3
What is the units digit of 19394?
4
What is the tens digit of 612879?
7
What is the tens digit of 26571832?
3
What is the thousands digit of 20197139?
7
What is the tens digit of 19088?
8
What is the ten thousands digit of 624710?
2
What is the thousands digit of 1681300?
1
What is the thousands digit of 24016387?
6
What is the tens digit of 1524450?
5
What is the tens digit of 771895?
9
What is the tens digit of 437714?
1
What is the units digit of 2456536?
6
What is the units digit of 66872?
2
What is the hundred thousands digit of 1381116?
3
What is the tens digit of 78840?
4
What is the thousands digit of 21891698?
1
What is the millions digit of 9110497?
9
What is the hundred thousands digit of 9304135?
3
What is the ten thousands digit of 312483?
1
What is the hundred thousands digit of 721707?
7
What is the millions digit of 5641396?
5
What is the units digit of 5605?
5
What is the millions digit of 1161777?
1
What is the units digit of 606229?
9
What is the thousands digit of 790762?
0
What is the thousands digit of 976285?
6
What is the hundreds digit of 300610?
6
What is the units digit of 556579?
9
What is the thousands digit of 793333?
3
What is the hundreds digit of 1079529?
5
What is the hundred thousands digit of 3718021?
7
What is the tens digit of 3250357?
5
What is the units digit of 433414?
4
What is the tens digit of 73272?
7
What is the units digit of 348071?
1
What is the hundred thousands digit of 227979?
2
What is the ten millions digit of 18384420?
1
What is the millions digit of 31558448?
1
What is the units digit of 791015?
5
What is the hundred thousands digit of 12269876?
2
What is the thousands digit of 434448?
4
What is the tens digit of 424891?
9
What is the hundred thousands digit of 1469051?
4
What is the hundreds digit of 142225?
2
What is the ten millions digit of 15237123?
1
What is the tens digit of 149291?
9
What is the ten thousands digit of 4657321?
5
What is the ten thousands digit of 22960?
2
What is the thousands digit of 1448299?
8
What is the hundreds digit of 576549?
5
What is the units digit of 436286?
6
What is the hundred thousands digit of 7179790?
1
What is the thousands digit of 4829066?
9
What is the hundreds digit of 777023?
0
What is the thousands digit of 748574?
8
What is the tens digit of 320317?
1
What is the ten thousands digit of 5913887?
1
What is the tens digit of 24272?
7
What is the hundreds digit of 1933483?
4
What is the ten thousands digit of 149242?
4
What is the hundred thousands digit of 110544?
1
What is the hundred thousands digit of 651353?
6
What is the hundreds digit of 15914475?
4
What is the units digit of 3061910?
0
What is the tens digit of 1249206?
0
What is the millions digit of 15883332?
5
What is the tens digit of 3593822?
2
What is the hundreds digit of 1207807?
8
What is the thousands digit of 636969?
6
What is the ten thousands digit of 331236?
3
What is the tens digit of 5702023?
2
What is the thousands digit of 18779803?
9
What is the millions digit of 1362007?
1
What is the ten thousands digit of 555590?
5
What is the ten thousands digit of 9906157?
0
What is the thousands digit of 419288?
9
What is the hundreds digit of 194210?
2
What is the units digit of 287482?
2
What is the hundreds digit of 243867?
8
What is the tens digit of 